{"id":39012,"date":"2020-12-02T08:37:33","date_gmt":"2020-12-02T07:37:33","guid":{"rendered":"https:\/\/www.santjosep.org\/festes-de-nadal-sant-josep-2020\/"},"modified":"2020-12-02T08:51:31","modified_gmt":"2020-12-02T07:51:31","slug":"fiestas-de-navidad-sant-josep-2020","status":"publish","type":"page","link":"https:\/\/www.santjosep.org\/es\/fiestas-de-navidad-sant-josep-2020\/","title":{"rendered":"Fiestas de Navidad Sant Josep 2020"},"content":{"rendered":"<p><img loading=\"lazy\" class=\"alignleft wp-image-39013 size-full\" src=\"https:\/\/www.santjosep.org\/wp-content\/uploads\/2020\/12\/Navidad2020.jpg\" alt=\"\" width=\"785\" height=\"723\" srcset=\"https:\/\/www.santjosep.org\/wp-content\/uploads\/2020\/12\/Navidad2020.jpg 785w, https:\/\/www.santjosep.org\/wp-content\/uploads\/2020\/12\/Navidad2020-282x260.jpg 282w, https:\/\/www.santjosep.org\/wp-content\/uploads\/2020\/12\/Navidad2020-768x707.jpg 768w, https:\/\/www.santjosep.org\/wp-content\/uploads\/2020\/12\/Navidad2020-660x608.jpg 660w, https:\/\/www.santjosep.org\/wp-content\/uploads\/2020\/12\/Navidad2020-45x41.jpg 45w, https:\/\/www.santjosep.org\/wp-content\/uploads\/2020\/12\/Navidad2020-624x575.jpg 624w\" sizes=\"(max-width: 785px) 100vw, 785px\" \/><\/p>\n<p><strong>\u00a1Juntos con ilusi\u00f3n<\/strong><\/p>\n<p>Estas fiestas de Navidad y Fin de a\u00f1o ser\u00e1n diferentes. No habr\u00e1 grandes en-cuentros ni la fiesta de otros a\u00f1os, porque nunca como ahora nos hemos tenido que tomar tan seriamente que la salud tiene que ser lo m\u00e1s importante. Lo que no faltar\u00e1 es la ilusi\u00f3n y el deseo de reencontrarnos como siempre, cuanto antes. Y tenemos motivos para ser optimistas.<\/p>\n<p>Tendremos que aplazar tambi\u00e9n en esta ocasi\u00f3n las reuniones familiares, como nos ha tocado hacer ya a lo largo de este a\u00f1o tan agitado, pero cada d\u00eda esta-mos m\u00e1s cerca de poder cerrar este par\u00e9ntesis en el contacto con la gente que amamos.<\/p>\n<p>Desde el Ayuntamiento queremos que estas fechas sean tan entra\u00f1ables como se pueda. Con toda la cordura y toda la precauci\u00f3n necesarias pero tambi\u00e9n con todas las ganas de hacer pueblo y celebrar unas fechas que son muy especiales para todos nosotros.<\/p>\n<p>Este  programa  que  ten\u00e9is  entre  manos  ha  implicado  mucho  trabajo  y  superar  alg\u00fan  miedo  para  atrevernos  a  imaginar  unas  fiestas  diferentes,  \u00edntimas  pero  animadas. Hay mucha ambici\u00f3n, porque queremos seguir apoyando a nuestros artistas y programadores culturales en unos momentos complicados tambi\u00e9n es-pecialmente para todos ellos.<\/p>\n<p>La maldita pandemia ha estado bien cerca de paralizarnos, pero juntos lo hemos evitado. Hemos superado dificultades impensables hace unos meses, gracias a vuestra responsabilidad y cordura, tambi\u00e9n con imaginaci\u00f3n y esfuerzo. Abri-mos en solo unos d\u00edas un refugio de emergencia. Repartimos centenares de co-midas a quienes no pod\u00edan salir de casa, gracias a los voluntarios de Protecci\u00f3n Civil. Hemos bajado impuestos para ayudar a los negocios a resistir esta crisis y nos hemos volcado con los m\u00e1s vulnerables sin parar ninguna de las inversiones que ten\u00edamos en marcha. Y seguiremos.<\/p>\n<p>Como alcalde no me queda m\u00e1s que desearos lo mejor para el 2021. Recupe-raremos la normalidad que tanto echamos de menos. Y lo haremos juntos y con ilusi\u00f3n.<\/p>\n<p><strong>Josep Mar\u00ed Ribas<\/strong><br \/>\nAlcalde de Sant Josep de sa Talaia<\/p>\n<p>&nbsp;<\/p>\n<p class=\"ss-pdf pdfbig\"><a href=\"https:\/\/www.santjosep.org\/wp-content\/uploads\/2020\/12\/PROGRAMA_NADAL_SANT_JOSEP_CAST.pdf\" target=\"_blank\" rel=\"noopener\">Descarga el programa de Fiestas de Navidad<\/a><\/p>\n<p>&nbsp;<\/p>\n","protected":false},"excerpt":{"rendered":"<p>\u00a1Juntos con ilusi\u00f3n Estas fiestas de Navidad y Fin de a\u00f1o ser\u00e1n diferentes. No habr\u00e1 grandes en-cuentros ni la fiesta de otros a\u00f1os, porque nunca como ahora nos hemos tenido que tomar tan seriamente que la salud tiene que ser lo m\u00e1s importante. Lo que no faltar\u00e1 es la ilusi\u00f3n y el deseo de reencontrarnos [&hellip;]<\/p>\n","protected":false},"author":1,"featured_media":0,"parent":0,"menu_order":0,"comment_status":"closed","ping_status":"closed","template":"","meta":[],"_links":{"self":[{"href":"https:\/\/www.santjosep.org\/es\/wp-json\/wp\/v2\/pages\/39012\/"}],"collection":[{"href":"https:\/\/www.santjosep.org\/es\/wp-json\/wp\/v2\/pages\/"}],"about":[{"href":"https:\/\/www.santjosep.org\/es\/wp-json\/wp\/v2\/types\/page\/"}],"author":[{"embeddable":true,"href":"https:\/\/www.santjosep.org\/es\/wp-json\/wp\/v2\/users\/1\/"}],"replies":[{"embeddable":true,"href":"https:\/\/www.santjosep.org\/es\/wp-json\/wp\/v2\/comments\/?post=39012"}],"version-history":[{"count":0,"href":"https:\/\/www.santjosep.org\/es\/wp-json\/wp\/v2\/pages\/39012\/revisions\/"}],"wp:attachment":[{"href":"https:\/\/www.santjosep.org\/es\/wp-json\/wp\/v2\/media\/?parent=39012"}],"curies":[{"name":"wp","href":"https:\/\/api.w.org\/{rel}","templated":true}]}}

<p><img loading="lazy" class="alignleft wp-image-39013 size-full" src="https://www.santjosep.org/wp-content/uploads/2020/12/Navidad2020.jpg" alt="" width="785" height="723" srcset="https://www.santjosep.org/wp-content/uploads/2020/12/Navidad2020.jpg 785w, https://www.santjosep.org/wp-content/uploads/2020/12/Navidad2020-282x260.jpg 282w, https://www.santjosep.org/wp-content/uploads/2020/12/Navidad2020-768x707.jpg 768w, https://www.santjosep.org/wp-content/uploads/2020/12/Navidad2020-660x608.jpg 660w, https://www.santjosep.org/wp-content/uploads/2020/12/Navidad2020-45x41.jpg 45w, https://www.santjosep.org/wp-content/uploads/2020/12/Navidad2020-624x575.jpg 624w" sizes="(max-width: 785px) 100vw, 785px" /></p>
<p><strong>¡Juntos con ilusión</strong></p>
<p>Estas fiestas de Navidad y Fin de año serán diferentes. No habrá grandes en-cuentros ni la fiesta de otros años, porque nunca como ahora nos hemos tenido que tomar tan seriamente que la salud tiene que ser lo más importante. Lo que no faltará es la ilusión y el deseo de reencontrarnos como siempre, cuanto antes. Y tenemos motivos para ser optimistas.</p>
<p>Tendremos que aplazar también en esta ocasión las reuniones familiares, como nos ha tocado hacer ya a lo largo de este año tan agitado, pero cada día esta-mos más cerca de poder cerrar este paréntesis en el contacto con la gente que amamos.</p>
<p>Desde el Ayuntamiento queremos que estas fechas sean tan entrañables como se pueda. Con toda la cordura y toda la precaución necesarias pero también con todas las ganas de hacer pueblo y celebrar unas fechas que son muy especiales para todos nosotros.</p>
<p>Este  programa  que  tenéis  entre  manos  ha  implicado  mucho  trabajo  y  superar  algún  miedo  para  atrevernos  a  imaginar  unas  fiestas  diferentes,  íntimas  pero  animadas. Hay mucha ambición, porque queremos seguir apoyando a nuestros artistas y programadores culturales en unos momentos complicados también es-pecialmente para todos ellos.</p>
<p>La maldita pandemia ha estado bien cerca de paralizarnos, pero juntos lo hemos evitado. Hemos superado dificultades impensables hace unos meses, gracias a vuestra responsabilidad y cordura, también con imaginación y esfuerzo. Abri-mos en solo unos días un refugio de emergencia. Repartimos centenares de co-midas a quienes no podían salir de casa, gracias a los voluntarios de Protección Civil. Hemos bajado impuestos para ayudar a los negocios a resistir esta crisis y nos hemos volcado con los más vulnerables sin parar ninguna de las inversiones que teníamos en marcha. Y seguiremos.</p>
<p>Como alcalde no me queda más que desearos lo mejor para el 2021. Recupe-raremos la normalidad que tanto echamos de menos. Y lo haremos juntos y con ilusión.</p>
<p><strong>Josep Marí Ribas</strong><br />
Alcalde de Sant Josep de sa Talaia</p>
<p>&nbsp;</p>
<p class="ss-pdf pdfbig"><a href="https://www.santjosep.org/wp-content/uploads/2020/12/PROGRAMA_NADAL_SANT_JOSEP_CAST.pdf" target="_blank" rel="noopener">Descarga el programa de Fiestas de Navidad</a></p>
<p>&nbsp;</p>

<p>¡Juntos con ilusión Estas fiestas de Navidad y Fin de año serán diferentes. No habrá grandes en-cuentros ni la fiesta de otros años, porque nunca como ahora nos hemos tenido que tomar tan seriamente que la salud tiene que ser lo más importante. Lo que no faltará es la ilusión y el deseo de reencontrarnos [&hellip;]</p>
