{"id":60510,"date":"2025-06-19T10:37:00","date_gmt":"2025-06-19T08:37:00","guid":{"rendered":"https:\/\/www.santjosep.org\/proyectos-financiados-relacionados-con-nuevas-tecnologias\/"},"modified":"2025-06-27T11:35:54","modified_gmt":"2025-06-27T09:35:54","slug":"proyectos-financiados-relacionados-con-nuevas-tecnologias","status":"publish","type":"page","link":"https:\/\/www.santjosep.org\/es\/proyectos-financiados-relacionados-con-nuevas-tecnologias\/","title":{"rendered":"Proyectos financiados  relacionados con Nuevas Tecnolog\u00edas"},"content":{"rendered":"<p><b>Proyectos relacionados con el Servicio de Nuevas Tecnolog\u00edas financiados en el marco del \u201cPlan de Recuperaci\u00f3n, Transformaci\u00f3n y Resiliencia &#8211; Financiado por la Uni\u00f3n Europea NextGenerationEU, Componente 11, Inversi\u00f3n 3, del PRTR, gestionado por el Ministerio de Pol\u00edtica Territorial\u201d<\/b><\/p>\n<p>Mediante Acuerdo de 27 de abril de 2021, el Consejo de Ministros aprob\u00f3 el Plan de Recuperaci\u00f3n, Transformaci\u00f3n y Resiliencia (PRTR), que incorpora una importante agenda de inversiones y reformas estructurales.<\/p>\n<p>El PRTR ha sido aprobado por la Comisi\u00f3n Europea el pasado 16 de junio de 2021, y por el Consejo de la Uni\u00f3n Europea el 13 de julio de 2021.<\/p>\n<p>El PRTR permitir\u00e1 que Espa\u00f1a pueda acceder hasta 140.000 millones de euros en cr\u00e9ditos y transferencias en el periodo 2021-2026 que, junto con la Ayuda a la recuperaci\u00f3n para la Cohesi\u00f3n y los Territorios de Europa (REACT-UE) y el resto de los instrumentos previstos en el Marco Financiero Plurianual, impulsar\u00e1n reformas e inversiones en los \u00e1mbitos prioritarios a nivel europeo. Para ello, el citado Plan se estructura en cuatro ejes dedicados a la transici\u00f3n ecol\u00f3gica, transformaci\u00f3n digital, cohesi\u00f3n social y territorial e igualdad de g\u00e9nero, que a su vez orientan diez pol\u00edticas palanca y treinta componentes.<\/p>\n<p>La cuarta pol\u00edtica palanca es una Administraci\u00f3n para el siglo XXI, que plantea una modernizaci\u00f3n de la Administraci\u00f3n para responder a las necesidades de la ciudadan\u00eda y la econom\u00eda en todo el territorio. El componente 11, que desarrolla esta pol\u00edtica a trav\u00e9s de un conjunto de reformas e inversiones, cifra como objetivos estrat\u00e9gicos la digitalizaci\u00f3n y modernizaci\u00f3n de las administraciones p\u00fablicas, la transici\u00f3n energ\u00e9tica y el refuerzo de las capacidades administrativas.<\/p>\n<p>La inversi\u00f3n 3 del componente 11 est\u00e1 dirigida a la transformaci\u00f3n digital y modernizaci\u00f3n de las distintas administraciones p\u00fablicas y dispone de una financiaci\u00f3n que asciende a 1.000 millones de euros en el periodo 2021-2023. De esta cantidad se destinar\u00e1n, a lo largo del periodo 2021-2023, 578,6 millones de euros a las comunidades aut\u00f3nomas y 391,4 millones de euros a las entidades locales. De los 391,4 millones de euros que est\u00e1 previsto destinar a las entidades locales, en este ejercicio se encuentran disponibles 92,77 millones de euros.<\/p>\n<p>Financiados por este Ayuntamiento ha desarrollado los siguientes proyectos:<\/p>\n<p><b>Proyecto \u201cDesarrollo de Integraci\u00f3n con Carpeta Ciudadana\u201d<\/b>\u00a0&#8211; L\u00ednea 5 &#8211; Interoperabilidad de Servicios B\u00e1sicos de Administraci\u00f3n Digital.<\/p>\n<p>El prop\u00f3sito del proyecto consiste en evolucionar la interoperabilidad administrativa facilitando a ciudadanos y empresas una visi\u00f3n centralizada y detallada de su informaci\u00f3n disponible en los expedientes tramitados en el Ayuntamiento de Sant Josep de sa Talaia a trav\u00e9s del Punto de Acceso General del Estado (Carpeta Ciudadana).<\/p>\n<p>&nbsp;<\/p>\n<p><!-- DATOS GENERALES DEL PROYECTO --><\/p>\n<p style=\"background-color:#007dc6; color:#ffffff; padding:10px; font-weight:bold;\">DATOS GENERALES DEL PROYECTO<\/p>\n<table style=\"width:100%; border-collapse:collapse;\">\n<tbody>\n<tr>\n<td style=\"background-color:#00a2e8; color:#ffffff; padding:10px;\"><strong>T\u00edtulo del Proyecto<\/strong><\/td>\n<td style=\"background-color:#00a2e8; color:#ffffff; padding:10px;\"><strong>\u00abServicio de desarrollo de integraci\u00f3n con Carpeta Ciudadana para el Ayuntamiento de Sant Josep de sa Talaia\u00bb<\/strong><\/td>\n<\/tr>\n<tr>\n<td style=\"background-color:#00a2e8; color:#ffffff; padding:10px;\"><strong>L\u00ednea estrat\u00e9gica<\/strong><\/td>\n<td style=\"background-color:#00a2e8; color:#ffffff; padding:10px;\">L\u00ednea 5. Componente 11 del Plan de Recuperaci\u00f3n, Transformaci\u00f3n y Resiliencia, Inversi\u00f3n 3 \u2013 Transformaci\u00f3n Digital y Modernizaci\u00f3n del Ministerio de Pol\u00edtica Territorial y Funci\u00f3n P\u00fablica y de las Administraciones de las CCAA y las EELL<\/td>\n<\/tr>\n<tr>\n<td style=\"background-color:#00a2e8; color:#ffffff; padding:10px;\"><strong>N.\u00ba de expediente<\/strong><\/td>\n<td style=\"background-color:#00a2e8; color:#ffffff; padding:10px;\">Expediente 3769\/2023<\/td>\n<\/tr>\n<tr>\n<td rowspan=\"2\" style=\"background-color:#00a2e8; color:#ffffff; padding:10px;\"><strong>Periodo de ejecuci\u00f3n del proyecto<\/strong><\/td>\n<td style=\"background-color:#00a2e8; color:#ffffff; padding:10px;\">Fecha inicio: 06\/09\/2024<\/td>\n<\/tr>\n<tr>\n<td style=\"background-color:#00a2e8; color:#ffffff; padding:10px;\">Fecha fin: 06\/01\/2025<\/td>\n<\/tr>\n<tr>\n<td style=\"background-color:#00a2e8; color:#ffffff; padding:10px;\"><strong>Presupuesto total<\/strong><\/td>\n<td style=\"background-color:#00a2e8; color:#ffffff; padding:10px;\">98.127,01 \u20ac<\/td>\n<\/tr>\n<tr>\n<td style=\"background-color:#00a2e8; color:#ffffff; padding:10px;\"><strong>Financiaci\u00f3n de la Uni\u00f3n Europea<\/strong><\/td>\n<td style=\"background-color:#00a2e8; color:#ffffff; padding:10px;\">98.127,01 \u20ac<\/td>\n<\/tr>\n<tr>\n<td style=\"background-color:#00a2e8; color:#ffffff; padding:10px;\"><strong>Importe adjudicaci\u00f3n del contrato<\/strong><\/td>\n<td style=\"background-color:#00a2e8; color:#ffffff; padding:10px;\">89.254,87 \u20ac<\/td>\n<\/tr>\n<tr>\n<td style=\"background-color:#00a2e8; color:#ffffff; padding:10px;\"><strong>Detalle de la Licitaci\u00f3n<\/strong><\/td>\n<td style=\"background-color:#00a2e8; color:#ffffff; padding:10px;\">\n        Enlace a licitaci\u00f3n \u00b7 Plataforma de Contrataci\u00f3n del Sector P\u00fablico.<br \/>\n        <a style=\"color:#ffffff; text-decoration:underline;\" href=\"https:\/\/contrataciondelestado.es\/wps\/portal\/!ut\/p\/b0\/04_Sj9CPykssy0xPLMnMz0vMAfIjU1JTC3Iy87KtUlJLEnNyUuNzMpMzSxKTgQr0w_Wj9KMyU1zLcvQjk9O9MkIMTEI9o_xMqjyDyrKcwpyDy21t9Qtycx0BacdESg!!\/\" target=\"_blank\"><br \/>\n          https:\/\/contrataciondelestado.es\/wps\/portal\/!ut\/p\/b0\/&#8230;<br \/>\n        <\/a>\n      <\/td>\n<\/tr>\n<tr>\n<td colspan=\"2\" style=\"background-color:#007dc6; color:#ffffff; font-weight:bold; padding:10px;\">DENOMINACI\u00d3N DEL PROYECTO Y L\u00cdNEA ESTRAT\u00c9GICA DE LAS ACTUACIONES<\/td>\n<\/tr>\n<tr>\n<td style=\"background-color:#00a2e8; color:#ffffff; padding:10px;\"><strong>Denominaci\u00f3n del proyecto<\/strong><\/td>\n<td style=\"background-color:#00a2e8; color:#ffffff; padding:10px;\">\u00abServicio de desarrollo de integraci\u00f3n con Carpeta Ciudadana para el Ayuntamiento de Sant Josep de sa Talaia\u00bb<\/td>\n<\/tr>\n<tr>\n<td style=\"background-color:#00a2e8; color:#ffffff; padding:10px;\"><strong>L\u00ednea estrat\u00e9gica de las actuaciones<\/strong><\/td>\n<td style=\"background-color:#00a2e8; color:#ffffff; padding:10px;\">L\u00ednea 5. Componente 11 del Plan de Recuperaci\u00f3n, Transformaci\u00f3n y Resiliencia, Inversi\u00f3n 3 \u2013 Transformaci\u00f3n Digital y Modernizaci\u00f3n del Ministerio de Pol\u00edtica Territorial y Funci\u00f3n P\u00fablica y de las Administraciones de las CCAA y las EELL<\/td>\n<\/tr>\n<\/tbody>\n<\/table>\n<p>&nbsp;<\/p>\n<p><img loading=\"lazy\" class=\"alignnone size-full wp-image-60507\" src=\"https:\/\/www.santjosep.org\/wp-content\/uploads\/2025\/06\/Recurso-4.png\" alt=\"\" width=\"835\" height=\"69\" srcset=\"https:\/\/www.santjosep.org\/wp-content\/uploads\/2025\/06\/Recurso-4.png 835w, https:\/\/www.santjosep.org\/wp-content\/uploads\/2025\/06\/Recurso-4-342x28.png 342w, https:\/\/www.santjosep.org\/wp-content\/uploads\/2025\/06\/Recurso-4-768x63.png 768w, https:\/\/www.santjosep.org\/wp-content\/uploads\/2025\/06\/Recurso-4-800x66.png 800w, https:\/\/www.santjosep.org\/wp-content\/uploads\/2025\/06\/Recurso-4-45x4.png 45w, https:\/\/www.santjosep.org\/wp-content\/uploads\/2025\/06\/Recurso-4-624x52.png 624w\" sizes=\"(max-width: 835px) 100vw, 835px\" \/><\/p>\n<p>&nbsp;<\/p>\n","protected":false},"excerpt":{"rendered":"<p>Proyectos relacionados con el Servicio de Nuevas Tecnolog\u00edas financiados en el marco del \u201cPlan de Recuperaci\u00f3n, Transformaci\u00f3n y Resiliencia &#8211; Financiado por la Uni\u00f3n Europea NextGenerationEU, Componente 11, Inversi\u00f3n 3, del PRTR, gestionado por el Ministerio de Pol\u00edtica Territorial\u201d Mediante Acuerdo de 27 de abril de 2021, el Consejo de Ministros aprob\u00f3 el Plan de [&hellip;]<\/p>\n","protected":false},"author":1,"featured_media":0,"parent":0,"menu_order":0,"comment_status":"closed","ping_status":"closed","template":"","meta":[],"_links":{"self":[{"href":"https:\/\/www.santjosep.org\/es\/wp-json\/wp\/v2\/pages\/60510\/"}],"collection":[{"href":"https:\/\/www.santjosep.org\/es\/wp-json\/wp\/v2\/pages\/"}],"about":[{"href":"https:\/\/www.santjosep.org\/es\/wp-json\/wp\/v2\/types\/page\/"}],"author":[{"embeddable":true,"href":"https:\/\/www.santjosep.org\/es\/wp-json\/wp\/v2\/users\/1\/"}],"replies":[{"embeddable":true,"href":"https:\/\/www.santjosep.org\/es\/wp-json\/wp\/v2\/comments\/?post=60510"}],"version-history":[{"count":0,"href":"https:\/\/www.santjosep.org\/es\/wp-json\/wp\/v2\/pages\/60510\/revisions\/"}],"wp:attachment":[{"href":"https:\/\/www.santjosep.org\/es\/wp-json\/wp\/v2\/media\/?parent=60510"}],"curies":[{"name":"wp","href":"https:\/\/api.w.org\/{rel}","templated":true}]}}

Proyectos financiados  relacionados con Nuevas Tecnologías

<p><b>Proyectos relacionados con el Servicio de Nuevas Tecnologías financiados en el marco del “Plan de Recuperación, Transformación y Resiliencia &#8211; Financiado por la Unión Europea NextGenerationEU, Componente 11, Inversión 3, del PRTR, gestionado por el Ministerio de Política Territorial”</b></p>
<p>Mediante Acuerdo de 27 de abril de 2021, el Consejo de Ministros aprobó el Plan de Recuperación, Transformación y Resiliencia (PRTR), que incorpora una importante agenda de inversiones y reformas estructurales.</p>
<p>El PRTR ha sido aprobado por la Comisión Europea el pasado 16 de junio de 2021, y por el Consejo de la Unión Europea el 13 de julio de 2021.</p>
<p>El PRTR permitirá que España pueda acceder hasta 140.000 millones de euros en créditos y transferencias en el periodo 2021-2026 que, junto con la Ayuda a la recuperación para la Cohesión y los Territorios de Europa (REACT-UE) y el resto de los instrumentos previstos en el Marco Financiero Plurianual, impulsarán reformas e inversiones en los ámbitos prioritarios a nivel europeo. Para ello, el citado Plan se estructura en cuatro ejes dedicados a la transición ecológica, transformación digital, cohesión social y territorial e igualdad de género, que a su vez orientan diez políticas palanca y treinta componentes.</p>
<p>La cuarta política palanca es una Administración para el siglo XXI, que plantea una modernización de la Administración para responder a las necesidades de la ciudadanía y la economía en todo el territorio. El componente 11, que desarrolla esta política a través de un conjunto de reformas e inversiones, cifra como objetivos estratégicos la digitalización y modernización de las administraciones públicas, la transición energética y el refuerzo de las capacidades administrativas.</p>
<p>La inversión 3 del componente 11 está dirigida a la transformación digital y modernización de las distintas administraciones públicas y dispone de una financiación que asciende a 1.000 millones de euros en el periodo 2021-2023. De esta cantidad se destinarán, a lo largo del periodo 2021-2023, 578,6 millones de euros a las comunidades autónomas y 391,4 millones de euros a las entidades locales. De los 391,4 millones de euros que está previsto destinar a las entidades locales, en este ejercicio se encuentran disponibles 92,77 millones de euros.</p>
<p>Financiados por este Ayuntamiento ha desarrollado los siguientes proyectos:</p>
<p><b>Proyecto “Desarrollo de Integración con Carpeta Ciudadana”</b> &#8211; Línea 5 &#8211; Interoperabilidad de Servicios Básicos de Administración Digital.</p>
<p>El propósito del proyecto consiste en evolucionar la interoperabilidad administrativa facilitando a ciudadanos y empresas una visión centralizada y detallada de su información disponible en los expedientes tramitados en el Ayuntamiento de Sant Josep de sa Talaia a través del Punto de Acceso General del Estado (Carpeta Ciudadana).</p>
<p>&nbsp;</p>
<p><!-- DATOS GENERALES DEL PROYECTO --></p>
<p style="background-color:#007dc6; color:#ffffff; padding:10px; font-weight:bold;">DATOS GENERALES DEL PROYECTO</p>
<table style="width:100%; border-collapse:collapse;">
<tbody>
<tr>
<td style="background-color:#00a2e8; color:#ffffff; padding:10px;"><strong>Título del Proyecto</strong></td>
<td style="background-color:#00a2e8; color:#ffffff; padding:10px;"><strong>«Servicio de desarrollo de integración con Carpeta Ciudadana para el Ayuntamiento de Sant Josep de sa Talaia»</strong></td>
</tr>
<tr>
<td style="background-color:#00a2e8; color:#ffffff; padding:10px;"><strong>Línea estratégica</strong></td>
<td style="background-color:#00a2e8; color:#ffffff; padding:10px;">Línea 5. Componente 11 del Plan de Recuperación, Transformación y Resiliencia, Inversión 3 – Transformación Digital y Modernización del Ministerio de Política Territorial y Función Pública y de las Administraciones de las CCAA y las EELL</td>
</tr>
<tr>
<td style="background-color:#00a2e8; color:#ffffff; padding:10px;"><strong>N.º de expediente</strong></td>
<td style="background-color:#00a2e8; color:#ffffff; padding:10px;">Expediente 3769/2023</td>
</tr>
<tr>
<td rowspan="2" style="background-color:#00a2e8; color:#ffffff; padding:10px;"><strong>Periodo de ejecución del proyecto</strong></td>
<td style="background-color:#00a2e8; color:#ffffff; padding:10px;">Fecha inicio: 06/09/2024</td>
</tr>
<tr>
<td style="background-color:#00a2e8; color:#ffffff; padding:10px;">Fecha fin: 06/01/2025</td>
</tr>
<tr>
<td style="background-color:#00a2e8; color:#ffffff; padding:10px;"><strong>Presupuesto total</strong></td>
<td style="background-color:#00a2e8; color:#ffffff; padding:10px;">98.127,01 €</td>
</tr>
<tr>
<td style="background-color:#00a2e8; color:#ffffff; padding:10px;"><strong>Financiación de la Unión Europea</strong></td>
<td style="background-color:#00a2e8; color:#ffffff; padding:10px;">98.127,01 €</td>
</tr>
<tr>
<td style="background-color:#00a2e8; color:#ffffff; padding:10px;"><strong>Importe adjudicación del contrato</strong></td>
<td style="background-color:#00a2e8; color:#ffffff; padding:10px;">89.254,87 €</td>
</tr>
<tr>
<td style="background-color:#00a2e8; color:#ffffff; padding:10px;"><strong>Detalle de la Licitación</strong></td>
<td style="background-color:#00a2e8; color:#ffffff; padding:10px;">
        Enlace a licitación · Plataforma de Contratación del Sector Público.<br />
        <a style="color:#ffffff; text-decoration:underline;" href="https://contrataciondelestado.es/wps/portal/!ut/p/b0/04_Sj9CPykssy0xPLMnMz0vMAfIjU1JTC3Iy87KtUlJLEnNyUuNzMpMzSxKTgQr0w_Wj9KMyU1zLcvQjk9O9MkIMTEI9o_xMqjyDyrKcwpyDy21t9Qtycx0BacdESg!!/" target="_blank"><br />
          https://contrataciondelestado.es/wps/portal/!ut/p/b0/&#8230;<br />
        </a>
      </td>
</tr>
<tr>
<td colspan="2" style="background-color:#007dc6; color:#ffffff; font-weight:bold; padding:10px;">DENOMINACIÓN DEL PROYECTO Y LÍNEA ESTRATÉGICA DE LAS ACTUACIONES</td>
</tr>
<tr>
<td style="background-color:#00a2e8; color:#ffffff; padding:10px;"><strong>Denominación del proyecto</strong></td>
<td style="background-color:#00a2e8; color:#ffffff; padding:10px;">«Servicio de desarrollo de integración con Carpeta Ciudadana para el Ayuntamiento de Sant Josep de sa Talaia»</td>
</tr>
<tr>
<td style="background-color:#00a2e8; color:#ffffff; padding:10px;"><strong>Línea estratégica de las actuaciones</strong></td>
<td style="background-color:#00a2e8; color:#ffffff; padding:10px;">Línea 5. Componente 11 del Plan de Recuperación, Transformación y Resiliencia, Inversión 3 – Transformación Digital y Modernización del Ministerio de Política Territorial y Función Pública y de las Administraciones de las CCAA y las EELL</td>
</tr>
</tbody>
</table>
<p>&nbsp;</p>
<p><img loading="lazy" class="alignnone size-full wp-image-60507" src="https://www.santjosep.org/wp-content/uploads/2025/06/Recurso-4.png" alt="" width="835" height="69" srcset="https://www.santjosep.org/wp-content/uploads/2025/06/Recurso-4.png 835w, https://www.santjosep.org/wp-content/uploads/2025/06/Recurso-4-342x28.png 342w, https://www.santjosep.org/wp-content/uploads/2025/06/Recurso-4-768x63.png 768w, https://www.santjosep.org/wp-content/uploads/2025/06/Recurso-4-800x66.png 800w, https://www.santjosep.org/wp-content/uploads/2025/06/Recurso-4-45x4.png 45w, https://www.santjosep.org/wp-content/uploads/2025/06/Recurso-4-624x52.png 624w" sizes="(max-width: 835px) 100vw, 835px" /></p>
<p>&nbsp;</p>

<p>Proyectos relacionados con el Servicio de Nuevas Tecnologías financiados en el marco del “Plan de Recuperación, Transformación y Resiliencia &#8211; Financiado por la Unión Europea NextGenerationEU, Componente 11, Inversión 3, del PRTR, gestionado por el Ministerio de Política Territorial” Mediante Acuerdo de 27 de abril de 2021, el Consejo de Ministros aprobó el Plan de [&hellip;]</p>
